late (-10 - -5) + 0 + 5 + -1.
-1
-4 + -11 + 18 + -1
2
Calculate -1 - (7 - (-4 - -9)).
-3
Evaluate 0 + -1 + 1 - 0.
0
What is (8 - (-5 - -5 - 1)) + -4?
5
1 + 1 + (1 - 3)
0
Evaluate 1 + -7 + -1 + 2 + 1.
-4
Evaluate -2 - ((-7 - -2) + 3 - 1).
1
What is 3 + 0 + 1 + (0 - 4)?
0
Calculate (9 - 1) + -4 + -1.
3
Calculate -7 + (13 - 9 - (-8 + 1)).
4
-4 + 5 + -2 + -1
-2
(-3 - -1) + -8 + 19 + -7
2
-4 + 3 + 3 + -3 - 6
-7
Calculate 2 - (4 - (4 - 1)).
1
2 + (2 + -5 + -3 - -3)
-1
What is -2 - (4 - (-2 - (4 - 15)))?
3
Calculate (-10 + 2 - -3) + 1.
-4
Evaluate -18 - 0 - (-33 + 24).
-9
3 - 5 - -3 - 4
-3
What is -4 + (-3 + 5 - -14) - 4?
8
Evaluate (0 + 0 - 2) + (-7 - -4).
-5
Evaluate 3 - (-8 - -2 - -13).
-4
What is the value of (2 - -1) + -3 + 1 - 4?
-3
What is (1 - (-14 - -4)) + (13 - 21)?
3
Calculate -1 + -5 + (13 - 8).
-1
-10 + -5 + 7 + 16
8
What is the value of -2 - 2 - (4 + (-9 - -4))?
-3
(-1 - (2 + 1 - 5)) + -5
-4
Calculate 2 + 4 + 3 + -9.
0
Calculate 3 + 1 + 10 + -9.
5
1 - -5 - (4 - 6 - -3)
5
-1 + 7 + -1 - 6
-1
What is 8 - (9 - 6 - -10)?
-5
What is the value of -1 + 1 - -2 - (-1 + 2)?
1
What is (-17 - (-16 - -4)) + (1 - -5)?
1
Calculate (2 - 7) + 10 + -18 + 4.
-9
What is 15 + -3 + (-10 - -5) - 9?
-2
Evaluate 17 + -16 - (-3 - -7).
-3
Calculate 0 - -1 - (5 + 5 - 4).
-5
Calculate 2 + -4 + 0 + (-38 - -35).
-5
What is (-5 - (-3 - -2)) + 2 + 7?
5
Calculate -1 + -5 + 2 + (-2 - -6).
0
(-4 - (-1 + -1) - 0) + -1
-3
What is 5 + -8 + -2 + -10 + 8?
-7
What is the value of (3 - 4) + 4 + -2?
1
Evaluate -3 - (-2 + -1 + 4 - 2).
-2
What is the value of -3 - 1 - (-20 - -12)?
4
Calculate 4 + 4 + (-3 - 11).
-6
-1 + 0 - (69 - 62)
-8
What is the value of (-1 - (0 - 1)) + (-18 - -16)?
-2
-1 + (-2 - 4) + 6 + 1
0
2 + -13 + (10 - 8)
-9
0 - (-4 + 10 - 7)
1
What is -1 - (-3 + (-3 - -10))?
-5
What is (-2 - -1) + 3 + 1?
3
8 - 1 - 8 - (-4 - -1)
2
What is the value of (-3 - -1) + 33 + -26?
5
What is the value of (18 + -20 - -4) + (-2 - -3)?
3
Calculate -6 + 9 - (0 - (1 + -5)).
-1
Calculate 2 + -2 + 4 - (2 - -1).
1
7 - (5 + (-4 - 0))
6
What is the value of -1 - (9 + -10 - (4 + 0))?
4
-3 - (-2 - 0) - (2 + -7)
4
Calculate 1 - (2 + -1 + 0 + 3).
-3
-4 + (6 - 7) + 12
7
What is the value of 0 + 3 + -11 + 6?
-2
What is 6 + -21 + 4 + 6?
-5
What is 1 - 0 - -1 - (-4 + 3)?
3
What is the value of -1 + 1 + 3 + -24 + 18?
-3
What is 3 + -5 + 0 + -2?
-4
(-9 - -11) + 1 + (0 - -1)
4
Calculate 2 + -5 + (-1 - -7).
3
What is (6 - 3 - 3 - 1) + -8?
-9
Evaluate -6 + 9 - 12 - -5.
-4
What is the value of -2 - 0 - (3 + -3 - -1)?
-3
Evaluate (0 - -4) + (-1 - 4).
-1
(20 - 19) + (-2 - 1)
-2
What is 1 + -5 + -3 + 7?
0
What is the value of -10 - -7 - (0 + -1)?
-2
5 + (-5 - (1 - 1))
0
Calculate -3 - (-7 + 13 + -6).
-3
What is the value of (4 - 4) + 3 + 0?
3
What is the value of -3 - -1 - -3 - -3?
4
Calculate 7 - 2 - (-5 + 6).
4
Evaluate (1 - -1) + -3 + (0 - -4).
3
What is the value of 0 + 2 + 2 + (1 - 3)?
2
Calculate -6 + (-4 + 1 - (-45 - -40)).
-4
Calculate 4 + (-4 - (-2 + -1)) - 0.
3
10 + (-2 - 5) + -8
-5
Evaluate 1 - (2 - 6 - -2).
3
Evaluate -6 + 4 + 13 + -4 - -1.
8
What is the value of -6 - (6 - (10 + 2 + 2))?
2
What is 1 - (-8 + 3) - 5?
1
What is the value of 4 + (1 - (-3 + 4 + 2))?
2
What is (5 - 1) + 13 + -21?
-4
What is -62 + 53 + -1 + 17?
7
1 - 1 - (13 - 10)
-3
258 + -264 + 8 + 0
2
-14 + (3 - (-3 + -6))
-2
0 - 11 - (-101 - -94)
-4
What is the value of 7 - (7 - (2 - 7))?
-5
(-1 - (2 - 7)) + (-3 - -3)
4
What is 7 + (-1 - (-1 + 9))?
-2
11 + -10 + 12 + -2 + -2
9
What is -10 + (-3 + 2 - -14)?
3
Evaluate -5 + -1 + (26 - 14).
6
What is -10 + -2 + 10 + -1?
-3
What is the value of -3 - -5 - 2 - -2 - -3?
5
What is 2 - (5 - (3 + -4))?
-4
What is 6 + -1 + -5 + 5?
5
Calculate -2 + 8 - (0 + 1 + 0).
5
What is 2 + (1 - 1 - -4) + -9?
-3
Evaluate (4 - -5 - 25) + 9.
-7
What is the value of 14 + -4 + -4 + -1 + 2?
7
-1 + -2 + (0 - -4) + 3
4
7 - ((1 - -10) + 76 + -82)
2
What is the value of (-2 - 0) + 12 + -9?
1
Evaluate (-1 - -2) + 5 + -17 + 5.
-6
Evaluate (1 - (3 - 2)) + -4.
-4
-7 + 7 + -1 - 3
-4
2 + -3 + 4 - (3 + 5)
-5
9 + (1 + -29 - -9)
-10
What is the value of -7 - (1 - (-8 + 11))?
-5
(1 - 1 - (2 + 3)) + 4
-1
2 + (4 - 15) + 4
-5
What is the value of -10 + 1 + -2 + (10 - 5)?
-6
-11 - -14 - (-1 + 6)
-2
Evaluate -2 + 7 - (10 + -7).
2
Calculate -2 - (5 - 7) - (1 + 2).
-3
Calculate 2 + -6 + -84 + 89.
1
Calculate (-5 - -6) + (3 - -4) + -7.
1
(-3 - -1 - 2) + 4
0
Calculate 2 + 1 + (6 - 14).
-5
15 - (17 - (8 - -1))
7
Calculate 11 + (-5 - (-4 - 1)) + -5.
6
Evaluate (-2 + 2 - -1) + -8 + 10.
3
What is the value of 9 + (-4 + 5 + -7 - -2)?
5
What is the value of (3 - 1 - (1 - -4)) + 4?
1
Evaluate (-6 - (3 - 5) - -5) + 2.
3
Calculate 2 + 4 + 2 + -1 + -2.
5
-28 + 31 - (-1 - 0)
4
Evaluate (1 - 2) + 1 + 1.
1
Calculate 17 - (16 - -2 - 9).
8
(3 - 3 - 3) + 3
0
Calculate (1 - 0 - 4) + 3.
0
What is the value of -8 + (11 - -1) - (0 + -1)?
5
What is -3 + 11 + -6 - (7 - 4)?
-1
Evaluate -5 + (-1 + 16 - 5 - 5).
0
Calculate -8 + (3 - 3 - -3).
-5
Evaluate 0 + 4 + 5 + -8.
1
Calculate -11 + 3 + 2 + 1.
-5
What is the value of (-2 - 0) + -3 + 2 + 7?
4
2 + -1 + 4 + -4
1
Calculate (-4 - -4) + -1 - (2 + -1).
-2
What is the value of -11 - 1 - (-13 + 6)?
-5
Calculate (5 - 0) + 5 + -6.
4
Calculate -3 + 0 - (0 - -1).
-4
What is the value of -16 + (7 - (-6 - -3))?
-6
What is the value of 0 - -8 - 6 - (6 + 0)?
-4
Evaluate 2 + (4 - (2 - -2)).
2
Evaluate 0 + (-6 - -5 - -6).
5
Calculate -1 + 3 + 0 + 0.
2
Evaluate 3 + 0 + 1 + 1.
5
-1 + (-8 + 10 - -3)
4
Evaluate 1 + -1 + (2 - -3) + -6.
-1
Calculate 8 + (-16 - -8) - (3 - 7).
4
What is -1 + 1 - (0 + -1 + -1)?
2
Evaluate 10 + -3 - (4 + -2).
5
Calculate (5 - 7 - 3 - -4) + 5.
4
What is the value of -1 + (3 - -3) + 0 + -2?
3
2 - (13 + -7 + 1)
-5
Evaluate -4 - -2 - (-14 - (5 + -10)).
7
Calculate -10 - (1 - 2 - (10 - 6)).
-5
Evaluate -6 - (1 + -4) - (3 - 10).
4
Evaluate -5 - 0 - (-3 - -2).
-4
Calculate 1 - 3 - (-1 + 0 + -4).
3
What is the value of 0 + -7 + 9 + -7?
-5
Evaluate -2 - (1 - (4 - 4)) - 1.
-4
What is 2 + (5 - 9) + 6?
4
Evaluate -3 + (-12 - (-13 - (-1 + -4))).
-7
Calculate 8 + -4 + -8 - -8.
4
Evaluate 3 + -3 + -8 - -4.
-4
Calculate (1 + 1 - 1 - 7) + 4.
-2
What is (0 - 2) + 7 + (1 - 3)?
3
What is (6 - -1) + 7 + -12?
2
What is the value of -7 - (-5 + (-4 - -6))?
-4
(0 - -8) + -53 + 37
-8
What is 3 - (1 + -2 + 0 - -1)?
3
Evaluate 2 + 1 + -6 + 5.
2
54 - 62 - (-1 + -3)
-4
Calculate (-3 + 2 - -1) + 1 + 3.
4
6 + (-6 + 7 - 1)
6
Calculate -1 - ((1 - 4) + 1 + 4).
-3
Calculate -3 + -4 + 1 + 3.
-3
Calculate -3 - -3 - -3 - 5.
-2
What is -9 - (-3 + -3 - -4)?
-7
Evaluate (-7 - 0) + 16 - (4 + -2).
7
6 - (2 - (5 + -10 + 2))
1
What is 5 - (6 + -11 - -3)?
7
What is 1 + 12 - (-14 - (-4 + -18))?
5
0 + (5 + -4 - (0 - 2))
3
Evaluate 2 + 0 + -2 + (1 - -1).
2
What is the value of (4 - 1) + (-21 - -6) + 7?
-5
8 + 3 + -6 - (4 - 1)
2
What is the value of 2 - 2 - -6 - (-12 - -14)?
4
Calculate -16 - -23 - (1 + 3) - -2.
5
0 + (2 - (3 - -2)) + 0
-3
What is the value of -2 - (3 + -2 + 1) - -2?
-2
What is (-4 + 6 + -4 - -6) + -8?
-4
Evaluate -26 + 2 + 14 - -12.
2
Evaluate 22 + (-12 - -15 - 16).
9
What is 4 - 2 - (-7 + 8)?
1
Calculate -3 - 1 - (-4 - 1).
1
Calculate -3 + 0 - (9 + -7).
-5
(0 - -4) + -2 + 3
5
What is the value of 11 + -16 + 1 + 8 + 2?
6
What is (5 - 4) + -2 + -1 + -3?
-5
3 + 1 + (-21 - -16)
-1
What is the value of (-5 + 11 - 8) + 7?
5
0 + -6 - (-117 - -111)
0
9 + 11 + -2 + -7
11
What is the value of 12 + (4 - (5 + -3 + 6))?
8
What is the value of 7 - (-3 - (0 + (-3 - 3)))?
4
What is the value of (10 - 11) + 5 + 1 + -2?
3
Calculate -48 + 44 + -2 + 1.
-5
What is the value of -12 - (-10 - -3) - -2?
-3
-1 + 4 + -2 + (1 - -2)
4
(3 + -11 - -4) + 4
0
-23 + 21 + (-1 - -2) - -2
1
Evaluate -1 + 1 - (3 + -7).
4
What is the value of -4 + (-3 - -1) + 2?
-4
Evaluate -1 - (-3 + -4 + 5 + 4).
-3
Calculate -3 - (0 + (0 - 0)).
-3
Evaluate -1 + 3 + -4 + 2 - 3.
-3
Calculate -4 - (-2 + 4 + -4).
-2
What is the value of (5 - (3 - 1)) + (-6 - -5)?
2
What is 1 + 1 + -1 + -77 + 81?
5
Evaluate (3 - -2) + (-11 - (-3 + -3)).
0
What is -12 - -1 - (-34 + 33)?
-10
What is 2 + (5 - 2) + -2 + -1?
2
Evaluate -6 + 0 + 1 + 4.
-1
What is the value of -1 + -3 + -2 + 3?
-3
What is the value of -1 - (-4 - (4 - (2 + 5)))?
0
What is (-2 - 0 - (5 + -11)) + -9?
-5
Calculate 16 - 9 - (-2 +